{"id":3368,"date":"2023-12-21T11:17:04","date_gmt":"2023-12-21T14:17:04","guid":{"rendered":"https:\/\/tattooperfumes.com.br\/?post_type=product&#038;p=3368"},"modified":"2025-12-04T17:27:07","modified_gmt":"2025-12-04T20:27:07","slug":"tt-33-inspiracao-dolce-gabana-pour-homme-contratipo","status":"publish","type":"product","link":"https:\/\/tattooperfumes.com.br\/index.php\/produto\/tt-33-inspiracao-dolce-gabana-pour-homme-contratipo\/","title":{"rendered":"Tt 33 INSPIRA\u00c7\u00c3O INVICTUS VICTORY"},"content":{"rendered":"\n<h2 class=\"wp-block-heading has-text-color has-link-color has-large-font-size wp-elements-37b3c327483da7ddfee9447766d5773f\" style=\"color:#9d1313;font-style:italic;font-weight:600\"><strong><em>Contratipo Tt <\/em><\/strong>33\u00a0<strong><em>Inspira\u00e7\u00e3o INVICTUS VICTORY <\/em><\/strong><\/h2>\n\n\n\n<p><\/p>\n\n\n\n<p style=\"font-style:normal;font-weight:700\">O Perfume Contratipo Tt 33 \u00e9 nossa inspira\u00e7\u00e3o para o perfume importado Dolce &amp; Gabana Pous Homme<\/p>\n\n\n\n<p><\/p>\n\n\n\n<p style=\"font-size:15px\">Tt 33 \u00e9 o perfume contratipo dos verdadeiros campe\u00f5es, de quem tra\u00e7a a rota e cria cen\u00e1rio para o seu triunfo iminente, uma nova dimens\u00e3o da masculinidade, uma fragr\u00e2ncia que personifica o poder, a ousadia e a determina\u00e7\u00e3o.<\/p>\n\n\n\n<p style=\"font-size:15px\">A vit\u00f3ria \u00e9 uma quest\u00e3o de querer e o her\u00f3i moderno n\u00e3o tem medo de ousar. O jogo se inicia, a bola est\u00e1 em jogo e agora s\u00f3 depende de voc\u00ea. Aben\u00e7oado pelos deuses da sedu\u00e7\u00e3o, o perfume  contratipo Tt 33 se torna o companheiro perfeito para os homens que n\u00e3o apenas enfrentam desafios, mas que os abra\u00e7am de corpo e alma.<\/p>\n\n\n\n<p style=\"font-size:15px\">O\u00a0<em><strong>Perfume Contratipo<\/strong><\/em> Tt 33 da Tattoo Perfumes\u00a0n\u00e3o \u00e9 um perfume comum. \u00c9 a personifica\u00e7\u00e3o de um homem que agarra os desafios com a for\u00e7a e confian\u00e7a de um her\u00f3i absoluto.<\/p>\n\n\n\n<p><\/p>\n\n\n\n<p class=\"has-text-color has-link-color has-medium-font-size wp-elements-49a78601a915746a33b6d818632f994a\" style=\"color:#9d1313\"><em><strong><strong><em>Tattoo Perfumes: voc\u00ea mais PERFUMADO e MARCANTE o dia todo, com MUITO MAIS ECONOMIA.<\/em><\/strong><\/strong><\/em><\/p>\n\n\n\n<p><\/p>\n\n\n\n<p class=\"has-palette-color-1-color has-text-color has-link-color has-medium-font-size wp-elements-698d42576dc48bdab17be97810185046\" style=\"font-style:italic;font-weight:600\">Nosso&nbsp;<a href=\"https:\/\/tattooperfumes.com\/contratipo\/\"><strong>contratipo<\/strong><\/a>&nbsp;tem:<\/p>\n\n\n\n<ul>\n<li>N\u00edvel de Fixa\u00e7\u00e3o Intenso<\/li>\n\n\n\n<li>O melhor custo benef\u00edcio em pre\u00e7o e economia para voc\u00ea<\/li>\n\n\n\n<li>Fixa\u00e7\u00e3o m\u00ednima de 8 horas<\/li>\n<\/ul>\n\n\n\n<h2 class=\"wp-block-heading has-palette-color-1-color has-text-color has-link-color has-medium-font-size wp-elements-6f125c2a60d70b22ae06e09b85c14533\" style=\"font-style:italic;font-weight:600\"><strong>Composi\u00e7\u00e3o do Perfume Contratipo Tt <\/strong>33:<\/h2>\n\n\n\n<p><strong>Notas de cabe\u00e7a:<\/strong>\u00a0Lim\u00e3o, Pimenta Rosa.<\/p>\n\n\n\n<p><strong>Notas de corpo<\/strong>: Incenso, Lavanda<\/p>\n\n\n\n<p><strong>Notas de fundo:<\/strong>\u00a0\u00a0Fava Tonka, Baunilha\u00a0<\/p>\n\n\n\n<p><strong>Fam\u00edlia Olfativa:\u00a0<\/strong>Oriental<\/p>\n\n\n\n<p><strong>*Notas de&nbsp;cabe\u00e7a:<\/strong>&nbsp;primeira impress\u00e3o de um perfume, dura entre 5 e 15 minutos ap\u00f3s a aplica\u00e7\u00e3o na pele.<\/p>\n\n\n\n<p><strong>*Notas de&nbsp;corpo:<\/strong>&nbsp;come\u00e7am a aparecer \u00e0 medida que as notas de topo desaparecem, durando aproximadamente entre 20 e 60 minutos.<\/p>\n\n\n\n<p><strong>*Notas de&nbsp;fundo<\/strong>&nbsp;o aroma base ao longo do uso do perfume. Permanece mais tempo na pele (at\u00e9 6 horas) ap\u00f3s as outras notas desaparecerem.<\/p>\n\n\n\n<p class=\"has-palette-color-1-color has-text-color has-link-color has-medium-font-size wp-elements-b617c7d728ea5b08964dacf1269c369e\" style=\"font-style:italic;font-weight:600\"><strong><strong>Apresenta\u00e7\u00e3o do Perfume Contratipo Tattoo Perfumes<\/strong><\/strong>:<\/p>\n\n\n\n<ul>\n<li><em>Vidros de 50 ml<\/em><\/li>\n\n\n\n<li><em>Embalagem Sustent\u00e1vel Tubular (ecologicamente correta).<\/em><\/li>\n<\/ul>\n\n\n\n<h2 class=\"wp-block-heading has-text-color has-link-color has-medium-font-size wp-elements-3da49676099cb72f45e4eaae3bdb6b53\" style=\"color:#920c0c;font-style:italic;font-weight:600\">Fragr\u00e2ncia de Perfumes Importados:<\/h2>\n\n\n\n<p><em>N\u00f3s importamos da Europa (principalmente Fran\u00e7a e It\u00e1lia) o melhor das ess\u00eancias e fragr\u00e2ncias dos perfumes importados.<\/em><\/p>\n\n\n\n<p><strong><em>Como usamos as melhores ess\u00eancias que na maior parte das vezes, comp\u00f5em os perfumes originais, o resultado \u00e9 que voc\u00ea tem perfumes que s\u00e3o muito mais que r\u00e9plicas de perfumes importados mais famosos, com personalidade e estilo pr\u00f3prios.<\/em><\/strong><\/p>\n\n\n\n<p><em>Tudo para que voc\u00ea esteja marcante e perfumada o dia todo!<\/em><\/p>\n\n\n\n<p><strong>Fixa\u00e7\u00e3o e Tempo de Perman\u00eancia na Pele<\/strong><\/p>\n\n\n\n<p>Produzindo perfumes artesanais \u201cqualidade premium\u201d desde 2008, n\u00f3s nos preocupamos com a qualidade dos perfumes personalizados que disponibilizamos aos nossos clientes.<\/p>\n\n\n\n<p>Com todos esse cuidados, a durabilidade m\u00e9dia&nbsp;de nossos perfumes \u00e9 de 8 a 10 horas \u2013 comprovadas por diversas avalia\u00e7\u00f5es e testes efetuados por blogueiros de sites dedicados \u00e0 est\u00e9tica e perfumaria.<\/p>\n\n\n\n<p>N\u00f3s temos o objetivo de lhe oferecer sempre a mais alta qualidade em perfumes, com a melhor rela\u00e7\u00e3o custo\/benef\u00edcio.<\/p>\n\n\n\n<p><strong>Para isso adotamos um alt\u00edssimo grau de concentra\u00e7\u00e3o de ess\u00eancia e fixador:&nbsp;mais de 25%.<\/strong><\/p>\n\n\n\n<p>O alto grau de de ess\u00eancia \u00e9 somado \u00e0 exig\u00eancia de nossas mat\u00e9rias-primas: utilizamos somente componentes importados da Europa.<\/p>\n\n\n\n<p>Al\u00e9m disso:<em>&nbsp;n\u00e3o adotamos \u00e1gua em nossos produtos!<\/em><\/p>\n\n\n\n<p><strong>Produzimos perfumes inspirados nas fragr\u00e2ncias mais famosas do mundo, seguindo rigorosamente todos os padr\u00f5es olfativos das melhores&nbsp;marcas de perfumes mundiais, com o melhor custo benef\u00edcio do mercado nacional.<\/strong><\/p>\n\n\n\n<p><em>Os perfumes contratipo da Tattoo Perfumes s\u00e3o a sua melhor op\u00e7\u00e3o em perfumes inspirados em perfumes importados, pois re\u00fane a qualidade das melhores fragr\u00e2ncias importadas com a mais alta qualidade mat\u00e9rias primas e fabrica\u00e7\u00e3o.<\/em><\/p>\n\n\n\n<p class=\"has-text-color has-link-color wp-elements-51c7453aaed1582bd1aeee6398a79d19\" style=\"color:#920c0c\"><strong><em>Obs: As imagens e marcas do perfume original s\u00e3o meramente ilustrativas sendo utilizadas unicamente como refer\u00eancias olfativas e visuais, pertencendo \u00e0 seus propriet\u00e1rios \u2013 nossos perfumes s\u00e3o comercializados com denomina\u00e7\u00e3o em letras e n\u00fameros&nbsp;\u2013&nbsp;sendo&nbsp;Perfumes Inspirados.<\/em><\/strong><\/p>\n","protected":false},"excerpt":{"rendered":"<p>Marca:\u00a0<strong><a href=\"https:\/\/tattooperfumes.com.br\">Tattoo Perfumes Contratipo<\/a><\/strong><\/p>\n","protected":false},"featured_media":3592,"comment_status":"open","ping_status":"closed","template":"","meta":{"om_disable_all_campaigns":false,"_monsterinsights_skip_tracking":false,"_monsterinsights_sitenote_active":false,"_monsterinsights_sitenote_note":"","_monsterinsights_sitenote_category":0},"product_cat":[22],"product_tag":[],"aioseo_notices":[],"jetpack_sharing_enabled":true,"_links":{"self":[{"href":"https:\/\/tattooperfumes.com.br\/index.php\/wp-json\/wp\/v2\/product\/3368"}],"collection":[{"href":"https:\/\/tattooperfumes.com.br\/index.php\/wp-json\/wp\/v2\/product"}],"about":[{"href":"https:\/\/tattooperfumes.com.br\/index.php\/wp-json\/wp\/v2\/types\/product"}],"replies":[{"embeddable":true,"href":"https:\/\/tattooperfumes.com.br\/index.php\/wp-json\/wp\/v2\/comments?post=3368"}],"wp:featuredmedia":[{"embeddable":true,"href":"https:\/\/tattooperfumes.com.br\/index.php\/wp-json\/wp\/v2\/media\/3592"}],"wp:attachment":[{"href":"https:\/\/tattooperfumes.com.br\/index.php\/wp-json\/wp\/v2\/media?parent=3368"}],"wp:term":[{"taxonomy":"product_cat","embeddable":true,"href":"https:\/\/tattooperfumes.com.br\/index.php\/wp-json\/wp\/v2\/product_cat?post=3368"},{"taxonomy":"product_tag","embeddable":true,"href":"https:\/\/tattooperfumes.com.br\/index.php\/wp-json\/wp\/v2\/product_tag?post=3368"}],"curies":[{"name":"wp","href":"https:\/\/api.w.org\/{rel}","templated":true}]}}