{"id":3602,"date":"2025-12-05T22:46:15","date_gmt":"2025-12-06T01:46:15","guid":{"rendered":"https:\/\/tattooperfumes.com.br\/?post_type=product&#038;p=3602"},"modified":"2025-12-05T23:18:20","modified_gmt":"2025-12-06T02:18:20","slug":"tt-43-inspiracao-polo-de-ralph-lauren","status":"publish","type":"product","link":"https:\/\/tattooperfumes.com.br\/index.php\/produto\/tt-43-inspiracao-polo-de-ralph-lauren\/","title":{"rendered":"Tt 43 INSPIRA\u00c7\u00c3O POLO DE RALPH LAUREN"},"content":{"rendered":"\n<p class=\"has-text-color has-link-color has-large-font-size wp-elements-236308428098ebc9f95a22fec9b33d60\" style=\"color:#920c0c;font-style:italic;font-weight:600\"><strong><em>Contratipo<\/em><\/strong>\u00a0<strong><em>Tt 43 Inspira\u00e7\u00e3<strong><em>o Polo &#8211;  Ralph Lauren<\/em><\/strong><\/em><\/strong><\/p>\n\n\n\n<p><\/p>\n\n\n\n<p class=\"has-medium-font-size\" style=\"font-style:normal;font-weight:600\">O perfume contratipo Tattoo Perfumes TT-43\u00a0\u00e9 nossa inspira\u00e7\u00e3o para o perfume masculino\u00a0importado Polo de Ralph Lauren<\/p>\n\n\n\n<p><\/p>\n\n\n\n<p style=\"font-size:15px\"> Um perfume cl\u00e1ssico, perfeito para homens naturalmente contempor\u00e2neos, elegantes e din\u00e2micos. Seu ar de frescor caminha ao lado de seu perfume amadeirado que provoca a sensualidade. <\/p>\n\n\n\n<p style=\"font-size:15px\"><em>O contratipo Tt 43 \u00e9 um perfume, foi desenvolvido para homens que al\u00e9m de din\u00e2micos, s\u00e3o elegantes e contempor\u00e2neos \u2013 um verdadeiro cl\u00e1ssico em perfumes masculinos \u2013 \u00e9 uma ess\u00eancia cheia de frescor e discreta sensualidade. \u00a0<\/em><\/p>\n\n\n\n<p style=\"font-size:15px\">O Tt 43 da Tattoo Perfumes evoca aspectos refrescantes e com muito frescor em seu bouquet \u2013 um cl\u00e1ssico para homens decididos e cientes de seu charme e presen\u00e7a.  Perfeito para homens que somam eleg\u00e2ncia, esportividade e intensidade \u2013 essa fragr\u00e2ncia \u00e9 cheia de tons refrescantes verdes e amadeirados \u2013 um perfume energizante.<\/p>\n\n\n\n<p><\/p>\n\n\n\n<p class=\"has-text-color has-link-color has-medium-font-size wp-elements-352e860ccd4573d9845023d288ad521f\" style=\"color:#920c0c\"><strong><em>Tattoo Perfumes: voc\u00ea mais PERFUMADO e MARCANTE o dia todo, com MUITO MAIS ECONOMIA.<\/em><\/strong><\/p>\n\n\n\n<p class=\"has-medium-font-size\" style=\"font-style:italic;font-weight:600\"><strong>Nosso&nbsp;<a href=\"https:\/\/tattooperfumes.com\/contratipo\/\">contratipo<\/a>&nbsp;tem:<\/strong><\/p>\n\n\n\n<ul>\n<li class=\"has-small-font-size\">N\u00edvel de Fixa\u00e7\u00e3o Intenso<\/li>\n\n\n\n<li class=\"has-small-font-size\">O melhor custo benef\u00edcio em pre\u00e7o e economia para voc\u00ea<\/li>\n\n\n\n<li class=\"has-small-font-size\">Fixa\u00e7\u00e3o m\u00ednima de 8 horas<\/li>\n<\/ul>\n\n\n\n<h4 class=\"wp-block-heading has-medium-font-size\" style=\"font-style:italic;font-weight:600\"><strong>Composi\u00e7\u00e3o do Perfume\u00a0Tt 43<\/strong>:<\/h4>\n\n\n\n<p><strong>Notas de cabe\u00e7a:<\/strong>\u00a0Artem\u00edsia, Alcaravia, Coentro, Bagas de Zimbro, Manjeric\u00e3o e Bergamota.<\/p>\n\n\n\n<p><strong>Notas de corpo<\/strong>:\u00a0Cravo, Couro, Camomila, Pimenta, Jasmim, Rosa, Agulhas de Pinheiro e Ger\u00e2nio.<\/p>\n\n\n\n<p><strong>Notas de fundo:<\/strong> \u00c2mbar, Patchouli, Musgo de Carvalho, Vetiver, Cedro e Tabaco<\/p>\n\n\n\n<p><strong>Fam\u00edlia Olfativa:\u00a0<\/strong>Amadeirado Arom\u00e1tico<\/p>\n\n\n\n<p><strong>*Notas de&nbsp;cabe\u00e7a:<\/strong>&nbsp;primeira impress\u00e3o de um perfume, dura entre 5 e 15 minutos ap\u00f3s a aplica\u00e7\u00e3o na pele.<\/p>\n\n\n\n<p><strong>*Notas de&nbsp;corpo:<\/strong>&nbsp;come\u00e7am a aparecer \u00e0 medida que as notas de topo desaparecem, durando aproximadamente entre 20 e 60 minutos.<\/p>\n\n\n\n<p><strong>*Notas de&nbsp;fundo<\/strong>&nbsp;o aroma base ao longo do uso do perfume. Permanece mais tempo na pele (at\u00e9 6 horas) ap\u00f3s as outras notas desaparecerem.<\/p>\n\n\n\n<p class=\"has-medium-font-size\" style=\"font-style:italic;font-weight:600\"><strong>Apresenta\u00e7\u00e3o do Perfume Contratipo Tattoo Perfumes<\/strong>:<\/p>\n\n\n\n<ul>\n<li><em>Vidros de 50 ml<\/em><\/li>\n\n\n\n<li><em>Embalagem Sustent\u00e1vel Tubular (ecologicamente correta).<\/em><\/li>\n<\/ul>\n\n\n\n<h2 class=\"wp-block-heading has-text-color has-link-color has-medium-font-size wp-elements-8f9310440e6d2fd7e38f352a83bf57a0\" style=\"color:#920c0c;font-style:italic;font-weight:600\">Fragr\u00e2ncia de Perfumes Importados:<\/h2>\n\n\n\n<p><em>N\u00f3s importamos da Europa (principalmente Fran\u00e7a e It\u00e1lia) o melhor das ess\u00eancias e fragr\u00e2ncias dos perfumes importados.<\/em><\/p>\n\n\n\n<p id=\"block-36d30bb0-a3ff-4ed1-b8ed-801896da106d\"><em>Como usamos as melhores ess\u00eancias que na maior parte das vezes, comp\u00f5em os perfumes originais, o resultado \u00e9 que voc\u00ea tem perfumes que s\u00e3o muito mais que r\u00e9plicas de perfumes importados mais famosos, com personalidade e estilo pr\u00f3prios..<\/em><\/p>\n\n\n\n<p id=\"block-a692ee20-31f9-425e-b452-2b583a0ca138\"><em>Tudo para que voc\u00ea esteja marcante e perfumada o dia todo!<\/em><\/p>\n\n\n\n<p id=\"block-57b19560-80d6-4c2a-b0e5-136754d28cb0\">Fixa\u00e7\u00e3o e Tempo de Perman\u00eancia na Pele<\/p>\n\n\n\n<p id=\"block-d88806ac-80a1-47e9-aa42-1e52de3edb3f\">Produzindo perfumes artesanais \u201cqualidade premium\u201d desde 2008, n\u00f3s nos preocupamos com a qualidade dos perfumes personalizados que disponibilizamos aos nossos clientes.<\/p>\n\n\n\n<p id=\"block-9e9d3145-117e-45ab-9273-a05762e4082b\">Com todos esse cuidados, a durabilidade m\u00e9dia&nbsp;de nossos perfumes \u00e9 de 8 a 10 horas \u2013 comprovadas por diversas avalia\u00e7\u00f5es e testes efetuados por blogueiros de sites dedicados \u00e0 est\u00e9tica e perfumaria.<\/p>\n\n\n\n<p id=\"block-bf501207-d4fa-4039-a93d-23ba62407d37\">N\u00f3s temos o objetivo de lhe oferecer sempre a mais alta qualidade em perfumes, com a melhor rela\u00e7\u00e3o custo\/benef\u00edcio.<\/p>\n\n\n\n<p id=\"block-f40a5f21-0a61-4049-abf3-dfdd1b4ee500\">Para isso adotamos um alt\u00edssimo grau de concentra\u00e7\u00e3o de ess\u00eancia e fixador:&nbsp;mais de 25%.<\/p>\n\n\n\n<p id=\"block-5db76464-8c7e-4f62-9be5-bca0f7a98f6a\">O alto grau de de ess\u00eancia \u00e9 somado \u00e0 exig\u00eancia de nossas mat\u00e9rias-primas: utilizamos somente componentes importados da Europa.<\/p>\n\n\n\n<p id=\"block-78269f53-5b81-4cea-91b2-628075e6acc8\">Al\u00e9m disso:<em>&nbsp;n\u00e3o adotamos \u00e1gua em nossos produtos!<\/em><\/p>\n\n\n\n<p id=\"block-07008c5d-afbd-4f42-ab25-4bad7cc94917\">Produzimos perfumes inspirados nas fragr\u00e2ncias mais famosas do mundo, seguindo rigorosamente todos os padr\u00f5es olfativos das melhores&nbsp;marcas de perfumes mundiais, com o melhor custo benef\u00edcio do mercado nacional.<\/p>\n\n\n\n<p><em>Os perfumes contratipo da Tattoo Perfumes s\u00e3o a sua melhor op\u00e7\u00e3o em perfumes inspirados em perfumes importados, pois re\u00fane a qualidade das melhores fragr\u00e2ncias importadas com a mais alta qualidade mat\u00e9rias primas e fabrica\u00e7\u00e3o.<\/em><\/p>\n\n\n\n<p class=\"has-text-color has-link-color wp-elements-4e82c629edd0cd1383525613fad91519\" style=\"color:#920c0c;font-style:italic;font-weight:600\"><em>Obs: As imagens e marcas do perfume original s\u00e3o meramente ilustrativas sendo utilizadas unicamente como refer\u00eancias olfativas e visuais, pertencendo \u00e0 seus propriet\u00e1rios \u2013 nossos perfumes s\u00e3o comercializados com denomina\u00e7\u00e3o em letras e n\u00fameros&nbsp;\u2013&nbsp;sendo&nbsp;<strong>Perfumes Inspirados<\/strong>.<\/em><\/p>\n","protected":false},"excerpt":{"rendered":"<p>Contratipo\u00a0Tt 43 Inspira\u00e7\u00e3o Polo &#8211; Ralph Lauren O perfume contratipo Tattoo Perfumes TT-43\u00a0\u00e9 nossa inspira\u00e7\u00e3o para o perfume masculino\u00a0importado Polo de Ralph Lauren Um perfume cl\u00e1ssico, perfeito para homens naturalmente [&hellip;]<\/p>\n","protected":false},"featured_media":3603,"comment_status":"closed","ping_status":"closed","template":"","meta":{"om_disable_all_campaigns":false,"_monsterinsights_skip_tracking":false,"_monsterinsights_sitenote_active":false,"_monsterinsights_sitenote_note":"","_monsterinsights_sitenote_category":0},"product_cat":[22],"product_tag":[],"aioseo_notices":[],"jetpack_sharing_enabled":true,"_links":{"self":[{"href":"https:\/\/tattooperfumes.com.br\/index.php\/wp-json\/wp\/v2\/product\/3602"}],"collection":[{"href":"https:\/\/tattooperfumes.com.br\/index.php\/wp-json\/wp\/v2\/product"}],"about":[{"href":"https:\/\/tattooperfumes.com.br\/index.php\/wp-json\/wp\/v2\/types\/product"}],"replies":[{"embeddable":true,"href":"https:\/\/tattooperfumes.com.br\/index.php\/wp-json\/wp\/v2\/comments?post=3602"}],"wp:featuredmedia":[{"embeddable":true,"href":"https:\/\/tattooperfumes.com.br\/index.php\/wp-json\/wp\/v2\/media\/3603"}],"wp:attachment":[{"href":"https:\/\/tattooperfumes.com.br\/index.php\/wp-json\/wp\/v2\/media?parent=3602"}],"wp:term":[{"taxonomy":"product_cat","embeddable":true,"href":"https:\/\/tattooperfumes.com.br\/index.php\/wp-json\/wp\/v2\/product_cat?post=3602"},{"taxonomy":"product_tag","embeddable":true,"href":"https:\/\/tattooperfumes.com.br\/index.php\/wp-json\/wp\/v2\/product_tag?post=3602"}],"curies":[{"name":"wp","href":"https:\/\/api.w.org\/{rel}","templated":true}]}}